{"id":18992,"date":"2026-01-27T14:11:01","date_gmt":"2026-01-27T14:11:01","guid":{"rendered":"https:\/\/kirunalapland.se\/?post_type=evenemang&#038;p=18992"},"modified":"2026-01-27T14:11:02","modified_gmt":"2026-01-27T14:11:02","slug":"britta-marakatt-labba-at-the-sami-museum","status":"publish","type":"evenemang","link":"https:\/\/kirunalapland.se\/en\/event\/britta-marakatt-labba-at-the-sami-museum\/","title":{"rendered":"Britta Marakatt-Labba at the S\u00e1mi Museum"},"content":{"rendered":"<p><strong>S\u00e1mi everyday life and politics, historical events and mythological scenes\u2014all coexist in the visual world of the acclaimed artist Britta Marakatt-Labba.<\/strong><\/p>\n<p>The exhibition\u2019s graphic works are based on textile pieces, in which she weaves together personal experiences from life in the North with the climate crisis that affects the entire planet. Over five decades, she has created a rich and poetic narrative about the S\u00e1mi, the only recognized Indigenous people on the European continent, and their struggle for land and culture.<\/p>\n<p>Marakatt-Labba was born in 1951 into a reindeer-herding family in A\u0111evuopmi\/Idivuoma. She lives and works in Badje Sohppar\/\u00d6vre Soppero, which, like A\u0111evuopmi, is located in the Giron\/Kiruna municipality on the Swedish side of S\u00e1pmi. Her art has been shaped by her upbringing at the heart of S\u00e1mi culture. From an early age she has worked with duodji, S\u00e1mi handicraft, for example creating g\u00e1kti (traditional S\u00e1mi clothing) and other types of garments from fabric and leather. To this day she dyes her own fabrics and yarns, and in her later works she often combines embroidery, print, and appliqu\u00e9 within the same image.<\/p>\n<p>Marakatt-Labba has worked as an artist since the 1970s and has had a major influence on art in S\u00e1pmi. Since her international breakthrough in 2017 at the contemporary art exhibition Documenta 14 in Kassel, and her participation in the main exhibition of the Venice Biennale in 2022, she has received widespread international attention, and her works are now included in a large number of art collections.<\/p>\n<p>The exhibition is a collaboration between Kiruna Samef\u00f6rening, which operates the S\u00e1mi Museum, and Kin Museum of Contemporary Art, where additional works by Marakatt-Labba are on display.<\/p>\n\n\n<p><strong>When:<\/strong> between Wednesday, 18 February and Thursday, 31 December<br><strong>Where:<\/strong> Brytaregatan 14<\/p>\n","protected":false},"excerpt":{"rendered":"<p>S\u00e1mi everyday life and politics, historical events and mythological scenes\u2014all coexist in the visual world of the acclaimed artist Britta Marakatt-Labba. The exhibition\u2019s graphic works are based on textile pieces, in which she weaves together personal experiences from life in the North with the climate crisis that affects the entire planet. Over five decades, she [&hellip;]<\/p>\n","protected":false},"featured_media":18994,"parent":0,"template":"","event_sasong":[123,124],"event_type":[283],"class_list":["post-18992","evenemang","type-evenemang","status-publish","has-post-thumbnail","hentry","event_sasong-summer-autumn","event_sasong-winter","event_type-crafts"],"acf":[],"yoast_head":"<!-- This site is optimized with the Yoast SEO plugin v27.5 - https:\/\/yoast.com\/product\/yoast-seo-wordpress\/ -->\n<title>Britta Marakatt-Labba at the S\u00e1mi Museum - Kiruna Lappland<\/title>\n<meta name=\"robots\" content=\"index, follow, max-snippet:-1, max-image-preview:large, max-video-preview:-1\" \/>\n<link rel=\"canonical\" href=\"https:\/\/kirunalapland.se\/en\/event\/britta-marakatt-labba-at-the-sami-museum\/\" \/>\n<meta property=\"og:locale\" content=\"en_US\" \/>\n<meta property=\"og:type\" content=\"article\" \/>\n<meta property=\"og:title\" content=\"Britta Marakatt-Labba at the S\u00e1mi Museum - Kiruna Lappland\" \/>\n<meta property=\"og:description\" content=\"S\u00e1mi everyday life and politics, historical events and mythological scenes\u2014all coexist in the visual world of the acclaimed artist Britta Marakatt-Labba. The exhibition\u2019s graphic works are based on textile pieces, in which she weaves together personal experiences from life in the North with the climate crisis that affects the entire planet. Over five decades, she [&hellip;]\" \/>\n<meta property=\"og:url\" content=\"https:\/\/kirunalapland.se\/en\/event\/britta-marakatt-labba-at-the-sami-museum\/\" \/>\n<meta property=\"og:site_name\" content=\"Kiruna Lappland\" \/>\n<meta property=\"article:publisher\" content=\"https:\/\/www.facebook.com\/KirunaLapplandEF\/\" \/>\n<meta property=\"article:modified_time\" content=\"2026-01-27T14:11:02+00:00\" \/>\n<meta property=\"og:image\" content=\"https:\/\/kirunalapland.se\/wp-content\/uploads\/2026\/01\/BML-_-Fard-genom-gryningen_Serigrafi-\u2013-medel-1.jpeg\" \/>\n\t<meta property=\"og:image:width\" content=\"640\" \/>\n\t<meta property=\"og:image:height\" content=\"477\" \/>\n\t<meta property=\"og:image:type\" content=\"image\/jpeg\" \/>\n<meta name=\"twitter:card\" content=\"summary_large_image\" \/>\n<meta name=\"twitter:label1\" content=\"Est. reading time\" \/>\n\t<meta name=\"twitter:data1\" content=\"1 minute\" \/>\n<script type=\"application\/ld+json\" class=\"yoast-schema-graph\">{\"@context\":\"https:\\\/\\\/schema.org\",\"@graph\":[{\"@type\":\"WebPage\",\"@id\":\"https:\\\/\\\/kirunalapland.se\\\/en\\\/event\\\/britta-marakatt-labba-at-the-sami-museum\\\/\",\"url\":\"https:\\\/\\\/kirunalapland.se\\\/en\\\/event\\\/britta-marakatt-labba-at-the-sami-museum\\\/\",\"name\":\"Britta Marakatt-Labba at the S\u00e1mi Museum - Kiruna Lappland\",\"isPartOf\":{\"@id\":\"https:\\\/\\\/kirunalapland.se\\\/en\\\/#website\"},\"primaryImageOfPage\":{\"@id\":\"https:\\\/\\\/kirunalapland.se\\\/en\\\/event\\\/britta-marakatt-labba-at-the-sami-museum\\\/#primaryimage\"},\"image\":{\"@id\":\"https:\\\/\\\/kirunalapland.se\\\/en\\\/event\\\/britta-marakatt-labba-at-the-sami-museum\\\/#primaryimage\"},\"thumbnailUrl\":\"https:\\\/\\\/kirunalapland.se\\\/wp-content\\\/uploads\\\/2026\\\/01\\\/BML-_-Fard-genom-gryningen_Serigrafi-\u2013-medel-1.jpeg\",\"datePublished\":\"2026-01-27T14:11:01+00:00\",\"dateModified\":\"2026-01-27T14:11:02+00:00\",\"breadcrumb\":{\"@id\":\"https:\\\/\\\/kirunalapland.se\\\/en\\\/event\\\/britta-marakatt-labba-at-the-sami-museum\\\/#breadcrumb\"},\"inLanguage\":\"en-US\",\"potentialAction\":[{\"@type\":\"ReadAction\",\"target\":[\"https:\\\/\\\/kirunalapland.se\\\/en\\\/event\\\/britta-marakatt-labba-at-the-sami-museum\\\/\"]}]},{\"@type\":\"ImageObject\",\"inLanguage\":\"en-US\",\"@id\":\"https:\\\/\\\/kirunalapland.se\\\/en\\\/event\\\/britta-marakatt-labba-at-the-sami-museum\\\/#primaryimage\",\"url\":\"https:\\\/\\\/kirunalapland.se\\\/wp-content\\\/uploads\\\/2026\\\/01\\\/BML-_-Fard-genom-gryningen_Serigrafi-\u2013-medel-1.jpeg\",\"contentUrl\":\"https:\\\/\\\/kirunalapland.se\\\/wp-content\\\/uploads\\\/2026\\\/01\\\/BML-_-Fard-genom-gryningen_Serigrafi-\u2013-medel-1.jpeg\",\"width\":640,\"height\":477},{\"@type\":\"BreadcrumbList\",\"@id\":\"https:\\\/\\\/kirunalapland.se\\\/en\\\/event\\\/britta-marakatt-labba-at-the-sami-museum\\\/#breadcrumb\",\"itemListElement\":[{\"@type\":\"ListItem\",\"position\":1,\"name\":\"Home\",\"item\":\"https:\\\/\\\/kirunalapland.se\\\/en\\\/\"},{\"@type\":\"ListItem\",\"position\":2,\"name\":\"Britta Marakatt-Labba at the S\u00e1mi Museum\"}]},{\"@type\":\"WebSite\",\"@id\":\"https:\\\/\\\/kirunalapland.se\\\/en\\\/#website\",\"url\":\"https:\\\/\\\/kirunalapland.se\\\/en\\\/\",\"name\":\"Kiruna Lappland\",\"description\":\"Sweden&#039;s northernmost destination\",\"publisher\":{\"@id\":\"https:\\\/\\\/kirunalapland.se\\\/en\\\/#organization\"},\"potentialAction\":[{\"@type\":\"SearchAction\",\"target\":{\"@type\":\"EntryPoint\",\"urlTemplate\":\"https:\\\/\\\/kirunalapland.se\\\/en\\\/?s={search_term_string}\"},\"query-input\":{\"@type\":\"PropertyValueSpecification\",\"valueRequired\":true,\"valueName\":\"search_term_string\"}}],\"inLanguage\":\"en-US\"},{\"@type\":\"Organization\",\"@id\":\"https:\\\/\\\/kirunalapland.se\\\/en\\\/#organization\",\"name\":\"Kiruna Lapland\",\"url\":\"https:\\\/\\\/kirunalapland.se\\\/en\\\/\",\"logo\":{\"@type\":\"ImageObject\",\"inLanguage\":\"en-US\",\"@id\":\"https:\\\/\\\/kirunalapland.se\\\/en\\\/#\\\/schema\\\/logo\\\/image\\\/\",\"url\":\"https:\\\/\\\/kirunalapland.se\\\/wp-content\\\/uploads\\\/2022\\\/01\\\/kirunalapland.jpg\",\"contentUrl\":\"https:\\\/\\\/kirunalapland.se\\\/wp-content\\\/uploads\\\/2022\\\/01\\\/kirunalapland.jpg\",\"width\":1200,\"height\":630,\"caption\":\"Kiruna Lapland\"},\"image\":{\"@id\":\"https:\\\/\\\/kirunalapland.se\\\/en\\\/#\\\/schema\\\/logo\\\/image\\\/\"},\"sameAs\":[\"https:\\\/\\\/www.facebook.com\\\/KirunaLapplandEF\\\/\",\"https:\\\/\\\/www.instagram.com\\\/kirunalapland\\\/?hl=sv\",\"https:\\\/\\\/www.linkedin.com\\\/company\\\/kiruna-lappland-ekonomisk-f\u00f6rening\\\/?originalSubdomain=se\",\"https:\\\/\\\/www.youtube.com\\\/channel\\\/UC2ZC6CQEZKqIXti821G8ovw\\\/featured\"]}]}<\/script>\n<!-- \/ Yoast SEO plugin. -->","yoast_head_json":{"title":"Britta Marakatt-Labba at the S\u00e1mi Museum - Kiruna Lappland","robots":{"index":"index","follow":"follow","max-snippet":"max-snippet:-1","max-image-preview":"max-image-preview:large","max-video-preview":"max-video-preview:-1"},"canonical":"https:\/\/kirunalapland.se\/en\/event\/britta-marakatt-labba-at-the-sami-museum\/","og_locale":"en_US","og_type":"article","og_title":"Britta Marakatt-Labba at the S\u00e1mi Museum - Kiruna Lappland","og_description":"S\u00e1mi everyday life and politics, historical events and mythological scenes\u2014all coexist in the visual world of the acclaimed artist Britta Marakatt-Labba. The exhibition\u2019s graphic works are based on textile pieces, in which she weaves together personal experiences from life in the North with the climate crisis that affects the entire planet. Over five decades, she [&hellip;]","og_url":"https:\/\/kirunalapland.se\/en\/event\/britta-marakatt-labba-at-the-sami-museum\/","og_site_name":"Kiruna Lappland","article_publisher":"https:\/\/www.facebook.com\/KirunaLapplandEF\/","article_modified_time":"2026-01-27T14:11:02+00:00","og_image":[{"width":640,"height":477,"url":"https:\/\/kirunalapland.se\/wp-content\/uploads\/2026\/01\/BML-_-Fard-genom-gryningen_Serigrafi-\u2013-medel-1.jpeg","type":"image\/jpeg"}],"twitter_card":"summary_large_image","twitter_misc":{"Est. reading time":"1 minute"},"schema":{"@context":"https:\/\/schema.org","@graph":[{"@type":"WebPage","@id":"https:\/\/kirunalapland.se\/en\/event\/britta-marakatt-labba-at-the-sami-museum\/","url":"https:\/\/kirunalapland.se\/en\/event\/britta-marakatt-labba-at-the-sami-museum\/","name":"Britta Marakatt-Labba at the S\u00e1mi Museum - Kiruna Lappland","isPartOf":{"@id":"https:\/\/kirunalapland.se\/en\/#website"},"primaryImageOfPage":{"@id":"https:\/\/kirunalapland.se\/en\/event\/britta-marakatt-labba-at-the-sami-museum\/#primaryimage"},"image":{"@id":"https:\/\/kirunalapland.se\/en\/event\/britta-marakatt-labba-at-the-sami-museum\/#primaryimage"},"thumbnailUrl":"https:\/\/kirunalapland.se\/wp-content\/uploads\/2026\/01\/BML-_-Fard-genom-gryningen_Serigrafi-\u2013-medel-1.jpeg","datePublished":"2026-01-27T14:11:01+00:00","dateModified":"2026-01-27T14:11:02+00:00","breadcrumb":{"@id":"https:\/\/kirunalapland.se\/en\/event\/britta-marakatt-labba-at-the-sami-museum\/#breadcrumb"},"inLanguage":"en-US","potentialAction":[{"@type":"ReadAction","target":["https:\/\/kirunalapland.se\/en\/event\/britta-marakatt-labba-at-the-sami-museum\/"]}]},{"@type":"ImageObject","inLanguage":"en-US","@id":"https:\/\/kirunalapland.se\/en\/event\/britta-marakatt-labba-at-the-sami-museum\/#primaryimage","url":"https:\/\/kirunalapland.se\/wp-content\/uploads\/2026\/01\/BML-_-Fard-genom-gryningen_Serigrafi-\u2013-medel-1.jpeg","contentUrl":"https:\/\/kirunalapland.se\/wp-content\/uploads\/2026\/01\/BML-_-Fard-genom-gryningen_Serigrafi-\u2013-medel-1.jpeg","width":640,"height":477},{"@type":"BreadcrumbList","@id":"https:\/\/kirunalapland.se\/en\/event\/britta-marakatt-labba-at-the-sami-museum\/#breadcrumb","itemListElement":[{"@type":"ListItem","position":1,"name":"Home","item":"https:\/\/kirunalapland.se\/en\/"},{"@type":"ListItem","position":2,"name":"Britta Marakatt-Labba at the S\u00e1mi Museum"}]},{"@type":"WebSite","@id":"https:\/\/kirunalapland.se\/en\/#website","url":"https:\/\/kirunalapland.se\/en\/","name":"Kiruna Lappland","description":"Sweden&#039;s northernmost destination","publisher":{"@id":"https:\/\/kirunalapland.se\/en\/#organization"},"potentialAction":[{"@type":"SearchAction","target":{"@type":"EntryPoint","urlTemplate":"https:\/\/kirunalapland.se\/en\/?s={search_term_string}"},"query-input":{"@type":"PropertyValueSpecification","valueRequired":true,"valueName":"search_term_string"}}],"inLanguage":"en-US"},{"@type":"Organization","@id":"https:\/\/kirunalapland.se\/en\/#organization","name":"Kiruna Lapland","url":"https:\/\/kirunalapland.se\/en\/","logo":{"@type":"ImageObject","inLanguage":"en-US","@id":"https:\/\/kirunalapland.se\/en\/#\/schema\/logo\/image\/","url":"https:\/\/kirunalapland.se\/wp-content\/uploads\/2022\/01\/kirunalapland.jpg","contentUrl":"https:\/\/kirunalapland.se\/wp-content\/uploads\/2022\/01\/kirunalapland.jpg","width":1200,"height":630,"caption":"Kiruna Lapland"},"image":{"@id":"https:\/\/kirunalapland.se\/en\/#\/schema\/logo\/image\/"},"sameAs":["https:\/\/www.facebook.com\/KirunaLapplandEF\/","https:\/\/www.instagram.com\/kirunalapland\/?hl=sv","https:\/\/www.linkedin.com\/company\/kiruna-lappland-ekonomisk-f\u00f6rening\/?originalSubdomain=se","https:\/\/www.youtube.com\/channel\/UC2ZC6CQEZKqIXti821G8ovw\/featured"]}]}},"_links":{"self":[{"href":"https:\/\/kirunalapland.se\/en\/wp-json\/wp\/v2\/evenemang\/18992","targetHints":{"allow":["GET"]}}],"collection":[{"href":"https:\/\/kirunalapland.se\/en\/wp-json\/wp\/v2\/evenemang"}],"about":[{"href":"https:\/\/kirunalapland.se\/en\/wp-json\/wp\/v2\/types\/evenemang"}],"wp:featuredmedia":[{"embeddable":true,"href":"https:\/\/kirunalapland.se\/en\/wp-json\/wp\/v2\/media\/18994"}],"wp:attachment":[{"href":"https:\/\/kirunalapland.se\/en\/wp-json\/wp\/v2\/media?parent=18992"}],"wp:term":[{"taxonomy":"event_sasong","embeddable":true,"href":"https:\/\/kirunalapland.se\/en\/wp-json\/wp\/v2\/event_sasong?post=18992"},{"taxonomy":"event_type","embeddable":true,"href":"https:\/\/kirunalapland.se\/en\/wp-json\/wp\/v2\/event_type?post=18992"}],"curies":[{"name":"wp","href":"https:\/\/api.w.org\/{rel}","templated":true}]}}

Britta Marakatt-Labba at the Sámi Museum

<p><strong>Sámi everyday life and politics, historical events and mythological scenes—all coexist in the visual world of the acclaimed artist Britta Marakatt-Labba.</strong></p>
<p>The exhibition’s graphic works are based on textile pieces, in which she weaves together personal experiences from life in the North with the climate crisis that affects the entire planet. Over five decades, she has created a rich and poetic narrative about the Sámi, the only recognized Indigenous people on the European continent, and their struggle for land and culture.</p>
<p>Marakatt-Labba was born in 1951 into a reindeer-herding family in Ađevuopmi/Idivuoma. She lives and works in Badje Sohppar/Övre Soppero, which, like Ađevuopmi, is located in the Giron/Kiruna municipality on the Swedish side of Sápmi. Her art has been shaped by her upbringing at the heart of Sámi culture. From an early age she has worked with duodji, Sámi handicraft, for example creating gákti (traditional Sámi clothing) and other types of garments from fabric and leather. To this day she dyes her own fabrics and yarns, and in her later works she often combines embroidery, print, and appliqué within the same image.</p>
<p>Marakatt-Labba has worked as an artist since the 1970s and has had a major influence on art in Sápmi. Since her international breakthrough in 2017 at the contemporary art exhibition Documenta 14 in Kassel, and her participation in the main exhibition of the Venice Biennale in 2022, she has received widespread international attention, and her works are now included in a large number of art collections.</p>
<p>The exhibition is a collaboration between Kiruna Sameförening, which operates the Sámi Museum, and Kin Museum of Contemporary Art, where additional works by Marakatt-Labba are on display.</p>


<p><strong>When:</strong> between Wednesday, 18 February and Thursday, 31 December<br><strong>Where:</strong> Brytaregatan 14</p>

<p>Sámi everyday life and politics, historical events and mythological scenes—all coexist in the visual world of the acclaimed artist Britta Marakatt-Labba. The exhibition’s graphic works are based on textile pieces, in which she weaves together personal experiences from life in the North with the climate crisis that affects the entire planet. Over five decades, she [&hellip;]</p>

<!-- This site is optimized with the Yoast SEO plugin v27.5 - https://yoast.com/product/yoast-seo-wordpress/ -->
<title>Britta Marakatt-Labba at the Sámi Museum - Kiruna Lappland</title>
<meta name="robots" content="index, follow, max-snippet:-1, max-image-preview:large, max-video-preview:-1" />
<link rel="canonical" href="https://kirunalapland.se/en/event/britta-marakatt-labba-at-the-sami-museum/" />
<meta property="og:locale" content="en_US" />
<meta property="og:type" content="article" />
<meta property="og:title" content="Britta Marakatt-Labba at the Sámi Museum - Kiruna Lappland" />
<meta property="og:description" content="Sámi everyday life and politics, historical events and mythological scenes—all coexist in the visual world of the acclaimed artist Britta Marakatt-Labba. The exhibition’s graphic works are based on textile pieces, in which she weaves together personal experiences from life in the North with the climate crisis that affects the entire planet. Over five decades, she [&hellip;]" />
<meta property="og:url" content="https://kirunalapland.se/en/event/britta-marakatt-labba-at-the-sami-museum/" />
<meta property="og:site_name" content="Kiruna Lappland" />
<meta property="article:publisher" content="https://www.facebook.com/KirunaLapplandEF/" />
<meta property="article:modified_time" content="2026-01-27T14:11:02+00:00" />
<meta property="og:image" content="https://kirunalapland.se/wp-content/uploads/2026/01/BML-_-Fard-genom-gryningen_Serigrafi-–-medel-1.jpeg" />
	<meta property="og:image:width" content="640" />
	<meta property="og:image:height" content="477" />
	<meta property="og:image:type" content="image/jpeg" />
<meta name="twitter:card" content="summary_large_image" />
<meta name="twitter:label1" content="Est. reading time" />
	<meta name="twitter:data1" content="1 minute" />
<script type="application/ld+json" class="yoast-schema-graph">{"@context":"https:\/\/schema.org","@graph":[{"@type":"WebPage","@id":"https:\/\/kirunalapland.se\/en\/event\/britta-marakatt-labba-at-the-sami-museum\/","url":"https:\/\/kirunalapland.se\/en\/event\/britta-marakatt-labba-at-the-sami-museum\/","name":"Britta Marakatt-Labba at the Sámi Museum - Kiruna Lappland","isPartOf":{"@id":"https:\/\/kirunalapland.se\/en\/#website"},"primaryImageOfPage":{"@id":"https:\/\/kirunalapland.se\/en\/event\/britta-marakatt-labba-at-the-sami-museum\/#primaryimage"},"image":{"@id":"https:\/\/kirunalapland.se\/en\/event\/britta-marakatt-labba-at-the-sami-museum\/#primaryimage"},"thumbnailUrl":"https:\/\/kirunalapland.se\/wp-content\/uploads\/2026\/01\/BML-_-Fard-genom-gryningen_Serigrafi-–-medel-1.jpeg","datePublished":"2026-01-27T14:11:01+00:00","dateModified":"2026-01-27T14:11:02+00:00","breadcrumb":{"@id":"https:\/\/kirunalapland.se\/en\/event\/britta-marakatt-labba-at-the-sami-museum\/#breadcrumb"},"inLanguage":"en-US","potentialAction":[{"@type":"ReadAction","target":["https:\/\/kirunalapland.se\/en\/event\/britta-marakatt-labba-at-the-sami-museum\/"]}]},{"@type":"ImageObject","inLanguage":"en-US","@id":"https:\/\/kirunalapland.se\/en\/event\/britta-marakatt-labba-at-the-sami-museum\/#primaryimage","url":"https:\/\/kirunalapland.se\/wp-content\/uploads\/2026\/01\/BML-_-Fard-genom-gryningen_Serigrafi-–-medel-1.jpeg","contentUrl":"https:\/\/kirunalapland.se\/wp-content\/uploads\/2026\/01\/BML-_-Fard-genom-gryningen_Serigrafi-–-medel-1.jpeg","width":640,"height":477},{"@type":"BreadcrumbList","@id":"https:\/\/kirunalapland.se\/en\/event\/britta-marakatt-labba-at-the-sami-museum\/#breadcrumb","itemListElement":[{"@type":"ListItem","position":1,"name":"Home","item":"https:\/\/kirunalapland.se\/en\/"},{"@type":"ListItem","position":2,"name":"Britta Marakatt-Labba at the Sámi Museum"}]},{"@type":"WebSite","@id":"https:\/\/kirunalapland.se\/en\/#website","url":"https:\/\/kirunalapland.se\/en\/","name":"Kiruna Lappland","description":"Sweden&#039;s northernmost destination","publisher":{"@id":"https:\/\/kirunalapland.se\/en\/#organization"},"potentialAction":[{"@type":"SearchAction","target":{"@type":"EntryPoint","urlTemplate":"https:\/\/kirunalapland.se\/en\/?s={search_term_string}"},"query-input":{"@type":"PropertyValueSpecification","valueRequired":true,"valueName":"search_term_string"}}],"inLanguage":"en-US"},{"@type":"Organization","@id":"https:\/\/kirunalapland.se\/en\/#organization","name":"Kiruna Lapland","url":"https:\/\/kirunalapland.se\/en\/","logo":{"@type":"ImageObject","inLanguage":"en-US","@id":"https:\/\/kirunalapland.se\/en\/#\/schema\/logo\/image\/","url":"https:\/\/kirunalapland.se\/wp-content\/uploads\/2022\/01\/kirunalapland.jpg","contentUrl":"https:\/\/kirunalapland.se\/wp-content\/uploads\/2022\/01\/kirunalapland.jpg","width":1200,"height":630,"caption":"Kiruna Lapland"},"image":{"@id":"https:\/\/kirunalapland.se\/en\/#\/schema\/logo\/image\/"},"sameAs":["https:\/\/www.facebook.com\/KirunaLapplandEF\/","https:\/\/www.instagram.com\/kirunalapland\/?hl=sv","https:\/\/www.linkedin.com\/company\/kiruna-lappland-ekonomisk-förening\/?originalSubdomain=se","https:\/\/www.youtube.com\/channel\/UC2ZC6CQEZKqIXti821G8ovw\/featured"]}]}</script>
<!-- / Yoast SEO plugin. -->

Britta Marakatt-Labba at the Sámi Museum - Kiruna Lappland

Sámi everyday life and politics, historical events and mythological scenes—all coexist in the visual world of the acclaimed artist Britta Marakatt-Labba. The exhibition’s graphic works are based on textile pieces, in which she weaves together personal experiences from life in the North with the climate crisis that affects the entire planet. Over five decades, she [&hellip;]

https://www.linkedin.com/company/kiruna-lappland-ekonomisk-förening/?originalSubdomain=se
